{"id":33137,"date":"2024-01-19T21:33:22","date_gmt":"2024-01-19T21:33:22","guid":{"rendered":"https:\/\/changlonet.com\/tienda\/?post_type=product&#038;p=33137"},"modified":"2024-01-19T21:38:07","modified_gmt":"2024-01-19T21:38:07","slug":"intel-core-i9-14900k","status":"publish","type":"product","link":"https:\/\/changlonet.com\/tienda\/producto\/intel-core-i9-14900k\/","title":{"rendered":"Intel Core i9 14900K"},"content":{"rendered":"\n<p>Procesador tope de gama en PCs normales de Intel. Esta es la version bloqueada<\/p>\n\n\n\n<p>El Intel Core i9-14900K es un potente procesador para ordenadores de sobremesa, que forma parte de la 14\u00aa generaci\u00f3n de productos Intel Core. Tiene 24 n\u00facleos (8 P-Cores y 16 E-Cores) y 32 hilos, y puede alcanzar hasta 6 GHz de frecuencia con Intel Thermal Velocity Boost. Soporta hasta memoria DDR5-5600 (de serie) y PCI Express 5.0. Tambi\u00e9n cuenta con Intel UHD Graphics 770 integrado, y una potencia base de 125 W. <\/p>\n\n\n\n<p>Incluye una gr\u00e1fica integrada en el procesador. Se puede montar el PC sin necesidad de montar una gr\u00e1fica separada<\/p>\n","protected":false},"excerpt":{"rendered":"<p>El Core i9 14900K es un procesador desbloqueado con 8 n\u00facleos de alto rendimiento y 16 n\u00facleos de alta eficiencia. Con gr\u00e1fica incorporada <\/p>\n","protected":false},"featured_media":33138,"comment_status":"open","ping_status":"closed","template":"","meta":{"_coblocks_attr":"","_coblocks_dimensions":"","_coblocks_responsive_height":"","_coblocks_accordion_ie_support":""},"product_brand":[],"product_cat":[125],"product_tag":[135,128,131],"class_list":{"0":"post-33137","1":"product","2":"type-product","3":"status-publish","4":"has-post-thumbnail","6":"product_cat-lga1700","7":"product_tag-14900k","8":"product_tag-intel","9":"product_tag-lga-1700","11":"first","12":"instock","13":"taxable","14":"shipping-taxable","15":"purchasable","16":"product-type-simple"},"_links":{"self":[{"href":"https:\/\/changlonet.com\/tienda\/wp-json\/wp\/v2\/product\/33137","targetHints":{"allow":["GET"]}}],"collection":[{"href":"https:\/\/changlonet.com\/tienda\/wp-json\/wp\/v2\/product"}],"about":[{"href":"https:\/\/changlonet.com\/tienda\/wp-json\/wp\/v2\/types\/product"}],"replies":[{"embeddable":true,"href":"https:\/\/changlonet.com\/tienda\/wp-json\/wp\/v2\/comments?post=33137"}],"version-history":[{"count":0,"href":"https:\/\/changlonet.com\/tienda\/wp-json\/wp\/v2\/product\/33137\/revisions"}],"wp:featuredmedia":[{"embeddable":true,"href":"https:\/\/changlonet.com\/tienda\/wp-json\/wp\/v2\/media\/33138"}],"wp:attachment":[{"href":"https:\/\/changlonet.com\/tienda\/wp-json\/wp\/v2\/media?parent=33137"}],"wp:term":[{"taxonomy":"product_brand","embeddable":true,"href":"https:\/\/changlonet.com\/tienda\/wp-json\/wp\/v2\/product_brand?post=33137"},{"taxonomy":"product_cat","embeddable":true,"href":"https:\/\/changlonet.com\/tienda\/wp-json\/wp\/v2\/product_cat?post=33137"},{"taxonomy":"product_tag","embeddable":true,"href":"https:\/\/changlonet.com\/tienda\/wp-json\/wp\/v2\/product_tag?post=33137"}],"curies":[{"name":"wp","href":"https:\/\/api.w.org\/{rel}","templated":true}]}}