{"id":33022,"date":"2024-01-18T12:07:55","date_gmt":"2024-01-18T12:07:55","guid":{"rendered":"https:\/\/changlonet.com\/tienda\/producto\/fuente-de-alimentacion-aerocool-lux550-550w-ventilador-12cm-80-plus-bronze\/"},"modified":"2024-01-18T12:07:56","modified_gmt":"2024-01-18T12:07:56","slug":"fuente-de-alimentacion-aerocool-lux550-550w-ventilador-12cm-80-plus-bronze","status":"publish","type":"product","link":"https:\/\/changlonet.com\/tienda\/producto\/fuente-de-alimentacion-aerocool-lux550-550w-ventilador-12cm-80-plus-bronze\/","title":{"rendered":"Fuente de alimentaci\u00f3n aerocool lux550\/ 550w\/ ventilador 12cm\/ 80 plus bronze"},"content":{"rendered":"<p><p>La fuente de alimentaci\u00f3n LUX est\u00e1 dise\u00f1ada para garantizar una potencia de 550W totalmente segura, fiable y estable en todo momento. Con un dise\u00f1o optimizado para proporcionar prestaciones profesionales, se trata de una fuente de alimentaci\u00f3n preparada para ofrecer la energ\u00eda que tu PC necesita con toda la seguridad posible.<\/p>\n<ul>\n<li>Certificado 80Plus Bronze 230V EU para un rendimiento de alta eficiencia<\/li>\n<li>Ventilador negro y silencioso de 12cm con control optimizado<\/li>\n<li>Cables planos para una instalaci\u00f3n m\u00e1s c\u00f3moda y r\u00e1pida<\/li>\n<li>Compatible con todos los factores de forma de Intel hasta ATX12V Ver. 2.4<\/li>\n<\/ul>\n<h4>CERTIFICADO DE ALTA EFICIENCIA<\/h4>\n<p>La certificaci\u00f3n 80Plus Bronze 230V EU de la que goza esta fuente de alimentaci\u00f3n consigue una eficiencia de hasta 88%+, garantizando el mejor rendimiento para tu PC en todo momento para que puedas jugar sin descanso.<\/p>\n<h4>VENTILACI\u00d3N MEJORADA<\/h4>\n<p>La LUX de Aerocool est\u00e1 equipada con un ventilador negro de 12cm silencioso, con un control t\u00e9rmico de velocidad que ralentiza la ventilaci\u00f3n a nivel de arranque (800 RPM) antes de alcanzar el 60% de carga. As\u00ed, se alarga la durabilidad de la fuente y se mantiene una temperatura ideal en todo momento.<\/p>\n<h4>COMPATIBILIDAD Y EFICIENCIA<\/h4>\n<p>Es totalmente compatible con todos los factores de forma hasta ATX12V de versi\u00f3n 2.4 y est\u00e1 equipada con cables planos, largos y ligeros, con un dise\u00f1o totalmente profesional. As\u00ed, LUX es una fuente de alimentaci\u00f3n \u00f3ptima para garantizar rendimiento y seguridad en cualquier sistema.<\/p>\n<p><\/p>\n","protected":false},"excerpt":{"rendered":"<p>Fuente de Alimentaci\u00f3n Aerocool LUX550\/ 550W\/ Ventilador 12cm\/ 80 Plus Bronze<\/p>\n","protected":false},"featured_media":33021,"comment_status":"open","ping_status":"closed","template":"","meta":{"_coblocks_attr":"","_coblocks_dimensions":"","_coblocks_responsive_height":"","_coblocks_accordion_ie_support":""},"product_brand":[],"product_cat":[115],"product_tag":[],"class_list":{"0":"post-33022","1":"product","2":"type-product","3":"status-publish","4":"has-post-thumbnail","6":"product_cat-fuentes-alimentacion","8":"first","9":"instock","10":"taxable","11":"shipping-taxable","12":"purchasable","13":"product-type-simple"},"_links":{"self":[{"href":"https:\/\/changlonet.com\/tienda\/wp-json\/wp\/v2\/product\/33022","targetHints":{"allow":["GET"]}}],"collection":[{"href":"https:\/\/changlonet.com\/tienda\/wp-json\/wp\/v2\/product"}],"about":[{"href":"https:\/\/changlonet.com\/tienda\/wp-json\/wp\/v2\/types\/product"}],"replies":[{"embeddable":true,"href":"https:\/\/changlonet.com\/tienda\/wp-json\/wp\/v2\/comments?post=33022"}],"version-history":[{"count":0,"href":"https:\/\/changlonet.com\/tienda\/wp-json\/wp\/v2\/product\/33022\/revisions"}],"wp:featuredmedia":[{"embeddable":true,"href":"https:\/\/changlonet.com\/tienda\/wp-json\/wp\/v2\/media\/33021"}],"wp:attachment":[{"href":"https:\/\/changlonet.com\/tienda\/wp-json\/wp\/v2\/media?parent=33022"}],"wp:term":[{"taxonomy":"product_brand","embeddable":true,"href":"https:\/\/changlonet.com\/tienda\/wp-json\/wp\/v2\/product_brand?post=33022"},{"taxonomy":"product_cat","embeddable":true,"href":"https:\/\/changlonet.com\/tienda\/wp-json\/wp\/v2\/product_cat?post=33022"},{"taxonomy":"product_tag","embeddable":true,"href":"https:\/\/changlonet.com\/tienda\/wp-json\/wp\/v2\/product_tag?post=33022"}],"curies":[{"name":"wp","href":"https:\/\/api.w.org\/{rel}","templated":true}]}}