{"id":33020,"date":"2024-01-18T12:07:53","date_gmt":"2024-01-18T12:07:53","guid":{"rendered":"https:\/\/changlonet.com\/tienda\/producto\/ventilador-3go-fan8-8cm\/"},"modified":"2024-01-18T12:07:53","modified_gmt":"2024-01-18T12:07:53","slug":"ventilador-3go-fan8-8cm","status":"publish","type":"product","link":"https:\/\/changlonet.com\/tienda\/producto\/ventilador-3go-fan8-8cm\/","title":{"rendered":"Ventilador 3go fan8\/ 8cm"},"content":{"rendered":"<\/p>\n<p><h4>Ventilador adicional para Pc 80mm<\/h4>\n<p>Ventilador adicional de dise\u00f1o actual para caja de 8&#215;8 de color NEGRO, para darle un toque moderno a su pc.<br \/>Con el Fan8BK, podr\u00e1s ofrecerle una refrigeraci\u00f3n \u00f3ptima extra a tu ordenador.<br \/>Con una velocidad de 1.400rpm y un flujo de aire de 26.7 cfm, es uno de los ventiladores m\u00e1s silencioso, gracias a sus rodamientos Hydraumatic, que s\u00f3lo dan un nivel de ruido de 18dBA\u00b110%<\/p>\n<p>\n<ul>\n<li>Peso Neto : 0,10Kg<\/li>\n<li>Peso Paquete : 0,05Kg<\/li>\n<li>Vida \u00fatil : 40,000 horas<\/li>\n<li>Intensidad : 0.07\u00b10.02 Amp<\/li>\n<li>Conectores de Alimentaci\u00f3n 4Pins<\/li>\n<li>F\u00e1cil montaje.<\/li>\n<li>Anti-vibraci\u00f3n<\/li>\n<li>Dimensiones 8&#215;8 cm<\/li>\n<li>Velocidad 1400 rpm \u00b110%<\/li>\n<li>Flujo de aire 26.7 CFM<\/li>\n<li>Voltaje 12V<\/li>\n<li>Ruido 18dB \u00b110%<\/li>\n<li>Color Negro<\/li>\n<\/ul>\n<p><\/p>\n<p><\/p>\n","protected":false},"excerpt":{"rendered":"<p>Ventilador 3GO FAN8\/ 8cm<\/p>\n","protected":false},"featured_media":33019,"comment_status":"open","ping_status":"closed","template":"","meta":{"_coblocks_attr":"","_coblocks_dimensions":"","_coblocks_responsive_height":"","_coblocks_accordion_ie_support":""},"product_brand":[],"product_cat":[116],"product_tag":[],"class_list":{"0":"post-33020","1":"product","2":"type-product","3":"status-publish","4":"has-post-thumbnail","6":"product_cat-disipadores","8":"first","9":"instock","10":"taxable","11":"shipping-taxable","12":"purchasable","13":"product-type-simple"},"_links":{"self":[{"href":"https:\/\/changlonet.com\/tienda\/wp-json\/wp\/v2\/product\/33020","targetHints":{"allow":["GET"]}}],"collection":[{"href":"https:\/\/changlonet.com\/tienda\/wp-json\/wp\/v2\/product"}],"about":[{"href":"https:\/\/changlonet.com\/tienda\/wp-json\/wp\/v2\/types\/product"}],"replies":[{"embeddable":true,"href":"https:\/\/changlonet.com\/tienda\/wp-json\/wp\/v2\/comments?post=33020"}],"version-history":[{"count":0,"href":"https:\/\/changlonet.com\/tienda\/wp-json\/wp\/v2\/product\/33020\/revisions"}],"wp:featuredmedia":[{"embeddable":true,"href":"https:\/\/changlonet.com\/tienda\/wp-json\/wp\/v2\/media\/33019"}],"wp:attachment":[{"href":"https:\/\/changlonet.com\/tienda\/wp-json\/wp\/v2\/media?parent=33020"}],"wp:term":[{"taxonomy":"product_brand","embeddable":true,"href":"https:\/\/changlonet.com\/tienda\/wp-json\/wp\/v2\/product_brand?post=33020"},{"taxonomy":"product_cat","embeddable":true,"href":"https:\/\/changlonet.com\/tienda\/wp-json\/wp\/v2\/product_cat?post=33020"},{"taxonomy":"product_tag","embeddable":true,"href":"https:\/\/changlonet.com\/tienda\/wp-json\/wp\/v2\/product_tag?post=33020"}],"curies":[{"name":"wp","href":"https:\/\/api.w.org\/{rel}","templated":true}]}}